s of 9198626?
2, 29, 158597
What are the prime factors of 3670227?
3, 11, 131, 283
List the prime factors of 699904.
2, 1367
What are the prime factors of 2597349?
3, 865783
List the prime factors of 2875004.
2, 11, 19, 181
List the prime factors of 682791.
3, 227597
What are the prime factors of 2740539?
3, 913513
What are the prime factors of 9492051?
3, 197, 16061
List the prime factors of 13857.
3, 31, 149
List the prime factors of 87114.
2, 3, 14519
List the prime factors of 3766642.
2, 11, 313, 547
List the prime factors of 11708666.
2, 827, 7079
List the prime factors of 4889653.
271, 18043
List the prime factors of 232752.
2, 3, 13, 373
What are the prime factors of 18069335?
5, 3613867
List the prime factors of 11167895.
5, 17, 37, 53, 67
List the prime factors of 211134.
2, 3, 7, 11, 457
List the prime factors of 243627.
3, 17, 281
List the prime factors of 360641.
43, 8387
What are the prime factors of 4660643?
13, 19, 18869
What are the prime factors of 1112342?
2, 7, 11, 31, 233
What are the prime factors of 144640?
2, 5, 113
What are the prime factors of 389666?
2, 23, 43, 197
What are the prime factors of 626679?
3, 179, 389
List the prime factors of 5133013.
5133013
What are the prime factors of 2593287?
3, 43, 6701
List the prime factors of 25821591.
3, 8607197
List the prime factors of 1412656.
2, 7, 12613
What are the prime factors of 1272483?
3, 47129
List the prime factors of 196124.
2, 49031
List the prime factors of 208342.
2, 73, 1427
What are the prime factors of 1172796?
2, 3, 17, 5749
List the prime factors of 220644.
2, 3, 227
List the prime factors of 52626.
2, 3, 7, 179
List the prime factors of 573957.
3, 63773
What are the prime factors of 2650363?
41, 127, 509
List the prime factors of 465723.
3, 47, 367
What are the prime factors of 2843648?
2, 2777
What are the prime factors of 128592?
2, 3, 19, 47
What are the prime factors of 192124?
2, 43, 1117
What are the prime factors of 26596?
2, 61, 109
List the prime factors of 106145.
5, 13, 23, 71
List the prime factors of 2006881.
149, 13469
List the prime factors of 635792.
2, 79, 503
What are the prime factors of 35335181?
7, 5047883
List the prime factors of 3230509.
53, 60953
What are the prime factors of 927500?
2, 5, 7, 53
What are the prime factors of 197611?
73, 2707
What are the prime factors of 6319?
71, 89
What are the prime factors of 3471826?
2, 1735913
List the prime factors of 3248711.
37, 87803
What are the prime factors of 33018201?
3, 181, 20269
What are the prime factors of 8654207?
17, 509071
What are the prime factors of 14606776?
2, 593, 3079
What are the prime factors of 41968?
2, 43, 61
What are the prime factors of 123621?
3, 89, 463
What are the prime factors of 2012208?
2, 3, 11, 37, 103
What are the prime factors of 15324004?
2, 17, 225353
What are the prime factors of 1533746?
2, 766873
What are the prime factors of 73135?
5, 14627
What are the prime factors of 6369281?
1259, 5059
What are the prime factors of 676690?
2, 5, 7, 1381
What are the prime factors of 289766?
2, 144883
What are the prime factors of 372275?
5, 14891
List the prime factors of 643110.
2, 3, 5, 13, 17, 97
What are the prime factors of 347438?
2, 7, 13, 23, 83
What are the prime factors of 15578?
2, 7789
What are the prime factors of 3021694?
2, 13, 23, 31, 163
What are the prime factors of 19845?
3, 5, 7
What are the prime factors of 41564706?
2, 3, 1087, 6373
List the prime factors of 1068864.
2, 3, 19, 293
What are the prime factors of 2214054?
2, 3, 79, 173
List the prime factors of 886003.
59, 15017
List the prime factors of 89407.
29, 3083
List the prime factors of 597805.
5, 13, 17, 541
List the prime factors of 1875135.
3, 5, 41, 3049
List the prime factors of 16160029.
131, 281, 439
List the prime factors of 504205.
5, 13, 7757
What are the prime factors of 1330522?
2, 17, 39133
What are the prime factors of 3084418?
2, 137, 11257
List the prime factors of 68991.
3, 13, 29, 61
What are the prime factors of 5050988?
2, 29, 43543
What are the prime factors of 1591861?
101, 15761
List the prime factors of 61503.
3, 13, 19, 83
What are the prime factors of 367763?
11, 67, 499
List the prime factors of 202646.
2, 101323
What are the prime factors of 1229580?
2, 3, 5, 11, 23
List the prime factors of 2743888.
2, 7, 24499
What are the prime factors of 25431780?
2, 3, 5, 11, 31, 113
What are the prime factors of 21762445?
5, 59, 73771
What are the prime factors of 834003?
3, 17, 23, 79
What are the prime factors of 599595?
3, 5, 71, 563
What are the prime factors of 667698?
2, 3, 19, 5857
What are the prime factors of 5352289?
5352289
What are the prime factors of 6863817?
3, 97, 103, 229
List the prime factors of 28795468.
2, 13, 553759
List the prime factors of 304305.
3, 5, 20287
What are the prime factors of 629550?
2, 3, 5, 1399
List the prime factors of 4229964.
2, 3, 117499
What are the prime factors of 1344972?
2, 3, 17, 19, 347
List the prime factors of 7333487.
7, 19, 7877
List the prime factors of 1263702.
2, 3, 11, 41, 467
What are the prime factors of 3154537?
17, 97, 1913
List the prime factors of 4365080.
2, 5, 29, 53, 71
List the prime factors of 260836.
2, 61, 1069
What are the prime factors of 8032397?
8032397
What are the prime factors of 259752?
2, 3, 79, 137
What are the prime factors of 13311?
3, 17, 29
List the prime factors of 499462.
2, 41, 6091
List the prime factors of 488889.
3, 19, 953
What are the prime factors of 471920?
2, 5, 17, 347
What are the prime factors of 1478739?
3, 23, 29, 739
List the prime factors of 3880303.
7, 467, 1187
What are the prime factors of 1305010?
2, 5, 7, 103, 181
What are the prime factors of 6843422?
2, 3421711
List the prime factors of 4067998.
2, 11, 17, 73, 149
List the prime factors of 6792207.
3, 2264069
List the prime factors of 8080051.
7, 23557
What are the prime factors of 4654881?
3, 7, 11, 2239
List the prime factors of 10885649.
71, 153319
List the prime factors of 9710080.
2, 5, 3793
What are the prime factors of 5767287?
3, 1922429
What are the prime factors of 1220273?
977, 1249
What are the prime factors of 8059571?
13, 619967
What are the prime factors of 5303964?
2, 3, 19, 43, 541
List the prime factors of 1411318.
2, 311, 2269
What are the prime factors of 163045?
5, 32609
List the prime factors of 847628.
2, 19, 587
List the prime factors of 8467394.
2, 13, 17, 19157
What are the prime factors of 185474?
2, 92737
List the prime factors of 16918281.
3, 17, 29, 31, 41
List the prime factors of 632373.
3, 7, 30113
What are the prime factors of 1149423?
3, 11, 61, 571
What are the prime factors of 495788?
2, 17, 23, 317
List the prime factors of 5968500.
2, 3, 5, 23, 173
List the prime factors of 2480419.
17, 59, 2473
What are the prime factors of 1014866?
2, 17, 19, 1571
What are the prime factors of 63435?
3, 5, 4229
List the prime factors of 77729.
19, 4091
What are the prime factors of 5645201?
37, 271, 563
List the prime factors of 13999902.
2, 3, 7, 333331
What are the prime factors of 966795?
3, 5, 64453
What are the prime factors of 1061069?
1061069
What are the prime factors of 1062972?
2, 3, 29527
What are the prime factors of 75216?
2, 3, 1567
List the prime factors of 178595.
5, 23, 1553
List the prime factors of 321285.
3, 5, 21419
List the prime factors of 6883937.
83, 82939
List the prime factors of 1814070.
2, 3, 5, 17, 3557
List the prime factors of 38102696.
2, 113, 373
What are the prime factors of 243513?
3, 29, 311
List the prime factors of 104738.
2, 52369
What are the prime factors of 509996?
2, 59, 2161
What are the prime factors of 12415460?
2, 5, 620773
List the prime factors of 3855779.
3855779
List the prime factors of 148443.
3, 49481
What are the prime factors of 1617293?
61, 26513
List the prime factors of 7824459.
3, 113, 23081
What are the prime factors of 2073355?
5, 29, 79, 181
What are the prime factors of 1736406?
2, 3, 7, 13781
What are the prime factors of 285651?
3, 17, 1867
List the prime factors of 739769.
193, 3833
What are the prime factors of 278577?
3, 13, 2381
What are the prime factors of 1265978?
2, 7, 31, 2917
List the prime factors of 9019147.
9019147
List the prime factors of 9350415.
3, 5, 47, 4421
What are the prime factors of 377